{"id":2694,"date":"2026-02-16T14:39:03","date_gmt":"2026-02-16T14:39:03","guid":{"rendered":"https:\/\/magnometal.com.mk\/index\/?page_id=2694"},"modified":"2026-02-16T15:57:25","modified_gmt":"2026-02-16T15:57:25","slug":"antakya-galvaniz","status":"publish","type":"page","link":"https:\/\/magnometal.com.mk\/index\/mk\/antakya-galvaniz\/","title":{"rendered":"ANTAKYA GALVANIZ"},"content":{"rendered":"\t\t<div data-elementor-type=\"wp-post\" data-elementor-id=\"2694\" class=\"elementor elementor-2694\">\n\t\t\t\t\t\t\t\t\t<section class=\"elementor-section elementor-top-section elementor-element elementor-element-fd830d0 elementor-section-content-middle elementor-section-boxed elementor-section-height-default elementor-section-height-default\" data-id=\"fd830d0\" data-element_type=\"section\" data-settings=\"{&quot;_ha_eqh_enable&quot;:false}\">\n\t\t\t\t\t\t<div class=\"elementor-container elementor-column-gap-extended\">\n\t\t\t\t\t<div class=\"elementor-column elementor-col-50 elementor-top-column elementor-element elementor-element-c93742a\" data-id=\"c93742a\" data-element_type=\"column\">\n\t\t\t<div class=\"elementor-widget-wrap elementor-element-populated\">\n\t\t\t\t\t\t\t\t<div class=\"elementor-element elementor-element-222ac62 elementor-widget elementor-widget-image\" data-id=\"222ac62\" data-element_type=\"widget\" data-widget_type=\"image.default\">\n\t\t\t\t<div class=\"elementor-widget-container\">\n\t\t\t<style>\/*! elementor - v3.18.0 - 08-12-2023 *\/\n.elementor-widget-image{text-align:center}.elementor-widget-image a{display:inline-block}.elementor-widget-image a img[src$=\".svg\"]{width:48px}.elementor-widget-image img{vertical-align:middle;display:inline-block}<\/style>\t\t\t\t\t\t\t\t\t\t\t\t<img fetchpriority=\"high\" decoding=\"async\" width=\"373\" height=\"307\" src=\"https:\/\/magnometal.com.mk\/index\/wp-content\/uploads\/2026\/02\/antakya-logo-s.png\" class=\"attachment-full size-full wp-image-2702\" alt=\"\" srcset=\"https:\/\/magnometal.com.mk\/index\/wp-content\/uploads\/2026\/02\/antakya-logo-s.png 373w, https:\/\/magnometal.com.mk\/index\/wp-content\/uploads\/2026\/02\/antakya-logo-s-300x247.png 300w\" sizes=\"(max-width: 373px) 100vw, 373px\" \/>\t\t\t\t\t\t\t\t\t\t\t\t\t\t\t<\/div>\n\t\t\t\t<\/div>\n\t\t\t\t\t<\/div>\n\t\t<\/div>\n\t\t\t\t<div class=\"elementor-column elementor-col-50 elementor-top-column elementor-element elementor-element-95b7a8f\" data-id=\"95b7a8f\" data-element_type=\"column\">\n\t\t\t<div class=\"elementor-widget-wrap elementor-element-populated\">\n\t\t\t\t\t\t\t\t<div class=\"elementor-element elementor-element-df8144d elementor-widget elementor-widget-heading\" data-id=\"df8144d\" data-element_type=\"widget\" data-widget_type=\"heading.default\">\n\t\t\t\t<div class=\"elementor-widget-container\">\n\t\t\t<style>\/*! elementor - v3.18.0 - 08-12-2023 *\/\n.elementor-heading-title{padding:0;margin:0;line-height:1}.elementor-widget-heading .elementor-heading-title[class*=elementor-size-]>a{color:inherit;font-size:inherit;line-height:inherit}.elementor-widget-heading .elementor-heading-title.elementor-size-small{font-size:15px}.elementor-widget-heading .elementor-heading-title.elementor-size-medium{font-size:19px}.elementor-widget-heading .elementor-heading-title.elementor-size-large{font-size:29px}.elementor-widget-heading .elementor-heading-title.elementor-size-xl{font-size:39px}.elementor-widget-heading .elementor-heading-title.elementor-size-xxl{font-size:59px}<\/style><h5 class=\"elementor-heading-title elementor-size-default\">\u043d\u0410\u0428 \u041f\u0410\u0420\u0422\u041d\u0415\u0420<\/h5>\t\t<\/div>\n\t\t\t\t<\/div>\n\t\t\t\t<div class=\"elementor-element elementor-element-b02f89f elementor-widget elementor-widget-heading\" data-id=\"b02f89f\" data-element_type=\"widget\" data-widget_type=\"heading.default\">\n\t\t\t\t<div class=\"elementor-widget-container\">\n\t\t\t<h2 class=\"elementor-heading-title elementor-size-default\">ANTAKYA GALVANIZ<\/h2>\t\t<\/div>\n\t\t\t\t<\/div>\n\t\t\t\t<div class=\"elementor-element elementor-element-fff04d2 elementor-widget-divider--view-line elementor-widget elementor-widget-divider\" data-id=\"fff04d2\" data-element_type=\"widget\" data-widget_type=\"divider.default\">\n\t\t\t\t<div class=\"elementor-widget-container\">\n\t\t\t<style>\/*! elementor - v3.18.0 - 08-12-2023 *\/\n.elementor-widget-divider{--divider-border-style:none;--divider-border-width:1px;--divider-color:#0c0d0e;--divider-icon-size:20px;--divider-element-spacing:10px;--divider-pattern-height:24px;--divider-pattern-size:20px;--divider-pattern-url:none;--divider-pattern-repeat:repeat-x}.elementor-widget-divider .elementor-divider{display:flex}.elementor-widget-divider .elementor-divider__text{font-size:15px;line-height:1;max-width:95%}.elementor-widget-divider .elementor-divider__element{margin:0 var(--divider-element-spacing);flex-shrink:0}.elementor-widget-divider .elementor-icon{font-size:var(--divider-icon-size)}.elementor-widget-divider .elementor-divider-separator{display:flex;margin:0;direction:ltr}.elementor-widget-divider--view-line_icon .elementor-divider-separator,.elementor-widget-divider--view-line_text .elementor-divider-separator{align-items:center}.elementor-widget-divider--view-line_icon .elementor-divider-separator:after,.elementor-widget-divider--view-line_icon .elementor-divider-separator:before,.elementor-widget-divider--view-line_text .elementor-divider-separator:after,.elementor-widget-divider--view-line_text .elementor-divider-separator:before{display:block;content:\"\";border-bottom:0;flex-grow:1;border-top:var(--divider-border-width) var(--divider-border-style) var(--divider-color)}.elementor-widget-divider--element-align-left .elementor-divider .elementor-divider-separator>.elementor-divider__svg:first-of-type{flex-grow:0;flex-shrink:100}.elementor-widget-divider--element-align-left .elementor-divider-separator:before{content:none}.elementor-widget-divider--element-align-left .elementor-divider__element{margin-left:0}.elementor-widget-divider--element-align-right .elementor-divider .elementor-divider-separator>.elementor-divider__svg:last-of-type{flex-grow:0;flex-shrink:100}.elementor-widget-divider--element-align-right .elementor-divider-separator:after{content:none}.elementor-widget-divider--element-align-right .elementor-divider__element{margin-right:0}.elementor-widget-divider:not(.elementor-widget-divider--view-line_text):not(.elementor-widget-divider--view-line_icon) .elementor-divider-separator{border-top:var(--divider-border-width) var(--divider-border-style) var(--divider-color)}.elementor-widget-divider--separator-type-pattern{--divider-border-style:none}.elementor-widget-divider--separator-type-pattern.elementor-widget-divider--view-line .elementor-divider-separator,.elementor-widget-divider--separator-type-pattern:not(.elementor-widget-divider--view-line) .elementor-divider-separator:after,.elementor-widget-divider--separator-type-pattern:not(.elementor-widget-divider--view-line) .elementor-divider-separator:before,.elementor-widget-divider--separator-type-pattern:not([class*=elementor-widget-divider--view]) .elementor-divider-separator{width:100%;min-height:var(--divider-pattern-height);-webkit-mask-size:var(--divider-pattern-size) 100%;mask-size:var(--divider-pattern-size) 100%;-webkit-mask-repeat:var(--divider-pattern-repeat);mask-repeat:var(--divider-pattern-repeat);background-color:var(--divider-color);-webkit-mask-image:var(--divider-pattern-url);mask-image:var(--divider-pattern-url)}.elementor-widget-divider--no-spacing{--divider-pattern-size:auto}.elementor-widget-divider--bg-round{--divider-pattern-repeat:round}.rtl .elementor-widget-divider .elementor-divider__text{direction:rtl}.e-con-inner>.elementor-widget-divider,.e-con>.elementor-widget-divider{width:var(--container-widget-width,100%);--flex-grow:var(--container-widget-flex-grow)}<\/style>\t\t<div class=\"elementor-divider\">\n\t\t\t<span class=\"elementor-divider-separator\">\n\t\t\t\t\t\t<\/span>\n\t\t<\/div>\n\t\t\t\t<\/div>\n\t\t\t\t<\/div>\n\t\t\t\t<div class=\"elementor-element elementor-element-0ad71c8 elementor-widget elementor-widget-text-editor\" data-id=\"0ad71c8\" data-element_type=\"widget\" data-widget_type=\"text-editor.default\">\n\t\t\t\t<div class=\"elementor-widget-container\">\n\t\t\t<style>\/*! elementor - v3.18.0 - 08-12-2023 *\/\n.elementor-widget-text-editor.elementor-drop-cap-view-stacked .elementor-drop-cap{background-color:#69727d;color:#fff}.elementor-widget-text-editor.elementor-drop-cap-view-framed .elementor-drop-cap{color:#69727d;border:3px solid;background-color:transparent}.elementor-widget-text-editor:not(.elementor-drop-cap-view-default) .elementor-drop-cap{margin-top:8px}.elementor-widget-text-editor:not(.elementor-drop-cap-view-default) .elementor-drop-cap-letter{width:1em;height:1em}.elementor-widget-text-editor .elementor-drop-cap{float:left;text-align:center;line-height:1;font-size:50px}.elementor-widget-text-editor .elementor-drop-cap-letter{display:inline-block}<\/style>\t\t\t\t<p>Antakya Galvaniz \u0435 \u043a\u043e\u043c\u043f\u0430\u043d\u0438\u0458\u0430 \u0441\u043e \u043f\u043e\u0432\u0435\u045c\u0435 \u043e\u0434 12 \u0433\u043e\u0434\u0438\u043d\u0438 \u0443\u0441\u043f\u0435\u0448\u043d\u043e \u0438\u0441\u043a\u0443\u0441\u0442\u0432\u043e \u0432\u043e \u0438\u043d\u0434\u0443\u0441\u0442\u0440\u0438\u0458\u0430\u0442\u0430, \u043f\u0440\u0435\u043f\u043e\u0437\u043d\u0430\u0435\u043d\u0430 \u043f\u043e \u0441\u0432\u043e\u0458\u0430\u0442\u0430 \u043f\u0440\u043e\u0444\u0435\u0441\u0438\u043e\u043d\u0430\u043b\u043d\u043e\u0441\u0442, \u043a\u043e\u043d\u0442\u0438\u043d\u0443\u0438\u0440\u0430\u043d \u043d\u0430\u043f\u0440\u0435\u0434\u043e\u043a \u0438 \u0432\u0438\u0441\u043e\u043a\u043e \u043d\u0438\u0432\u043e \u043d\u0430 \u043a\u043b\u0438\u0435\u043d\u0442\u0441\u043a\u0430 \u0441\u0430\u0442\u0438\u0441\u0444\u0430\u043a\u0446\u0438\u0458\u0430. \u041d\u0435\u0458\u0437\u0438\u043d\u0438\u0442\u0435 \u043a\u043e\u0440\u0435\u043d\u0438 \u043f\u043e\u0442\u0435\u043a\u043d\u0443\u0432\u0430\u0430\u0442 \u043e\u0434 \u00d6z \u0130\u015f Metal, \u043e\u0441\u043d\u043e\u0432\u0430\u043d\u0430 \u0432\u043e 1996 \u0433\u043e\u0434\u0438\u043d\u0430, \u043a\u043e\u0458\u0430 \u0432\u043e 2010 \u0433\u043e\u0434\u0438\u043d\u0430 \u0458\u0430 \u043f\u0440\u043e\u0448\u0438\u0440\u0443\u0432\u0430 \u0434\u0435\u0458\u043d\u043e\u0441\u0442\u0430 \u0438 \u0433\u043e \u0444\u043e\u0440\u043c\u0438\u0440\u0430 Antakya Galvaniz. \u041a\u043e\u043c\u043f\u0430\u043d\u0438\u0458\u0430\u0442\u0430 \u0440\u0430\u0441\u043f\u043e\u043b\u0430\u0433\u0430 \u0441\u043e \u0432\u043a\u0443\u043f\u043d\u0430 \u0440\u0430\u0431\u043e\u0442\u043d\u0430 \u043f\u043e\u0432\u0440\u0448\u0438\u043d\u0430 \u043e\u0434 15.000 m\u00b2, \u043e\u0434 \u043a\u043e\u0438 10.000 m\u00b2 \u0437\u0430\u0442\u0432\u043e\u0440\u0435\u043d \u0438 5.000 m\u00b2 \u043e\u0442\u0432\u043e\u0440\u0435\u043d \u043f\u0440\u043e\u0441\u0442\u043e\u0440, \u0448\u0442\u043e \u043e\u0432\u043e\u0437\u043c\u043e\u0436\u0443\u0432\u0430 \u0440\u0430\u0437\u0432\u043e\u0458 \u043d\u0430 \u0433\u043e\u043b\u0435\u043c \u0441\u043f\u0435\u043a\u0442\u0430\u0440 \u043f\u0440\u043e\u0438\u0437\u0432\u043e\u0434\u043d\u0438 \u0438 \u043c\u043e\u043d\u0442\u0430\u0436\u043d\u0438 \u043f\u0440\u043e\u0446\u0435\u0441\u0438. <br>\u0421\u043e \u0442\u0438\u043c \u043a\u043e\u0458 \u043a\u043e\u043d\u0442\u0438\u043d\u0443\u0438\u0440\u0430\u043d\u043e \u0441\u0435 \u0443\u0441\u043e\u0432\u0440\u0448\u0443\u0432\u0430 \u0438 \u0441\u0435 \u0441\u0442\u0440\u0435\u043c\u0438 \u043a\u043e\u043d \u0438\u043d\u043e\u0432\u0430\u0446\u0438\u0458\u0430, Antakya Galvaniz \u0443\u0441\u043f\u0435\u0448\u043d\u043e \u0440\u0435\u0430\u043b\u0438\u0437\u0438\u0440\u0430 \u0437\u043d\u0430\u0447\u0430\u0458\u043d\u0438 \u043f\u0440\u043e\u0435\u043a\u0442\u0438 \u0438 \u0433\u0440\u0430\u0434\u0438 \u0441\u0438\u043b\u043d\u0430 \u0440\u0435\u043f\u0443\u0442\u0430\u0446\u0438\u0458\u0430 \u0432\u043e \u0441\u0435\u043a\u0442\u043e\u0440\u043e\u0442.<\/p>\t\t\t\t\t\t<\/div>\n\t\t\t\t<\/div>\n\t\t\t\t\t<\/div>\n\t\t<\/div>\n\t\t\t\t\t\t\t<\/div>\n\t\t<\/section>\n\t\t\t\t<section class=\"elementor-section elementor-top-section elementor-element elementor-element-811f6ec elementor-section-boxed elementor-section-height-default elementor-section-height-default\" data-id=\"811f6ec\" data-element_type=\"section\" data-settings=\"{&quot;_ha_eqh_enable&quot;:false}\">\n\t\t\t\t\t\t<div class=\"elementor-container elementor-column-gap-default\">\n\t\t\t\t\t<div class=\"elementor-column elementor-col-100 elementor-top-column elementor-element elementor-element-f9de2b2\" data-id=\"f9de2b2\" data-element_type=\"column\">\n\t\t\t<div class=\"elementor-widget-wrap elementor-element-populated\">\n\t\t\t\t\t\t\t\t<section class=\"elementor-section elementor-inner-section elementor-element elementor-element-261460b elementor-section-boxed elementor-section-height-default elementor-section-height-default\" data-id=\"261460b\" data-element_type=\"section\" data-settings=\"{&quot;_ha_eqh_enable&quot;:false}\">\n\t\t\t\t\t\t<div class=\"elementor-container elementor-column-gap-default\">\n\t\t\t\t\t<div class=\"elementor-column elementor-col-100 elementor-inner-column elementor-element elementor-element-c0d3923\" data-id=\"c0d3923\" data-element_type=\"column\">\n\t\t\t<div class=\"elementor-widget-wrap elementor-element-populated\">\n\t\t\t\t\t\t\t\t<div class=\"elementor-element elementor-element-8437e8c elementor-widget elementor-widget-heading\" data-id=\"8437e8c\" data-element_type=\"widget\" data-widget_type=\"heading.default\">\n\t\t\t\t<div class=\"elementor-widget-container\">\n\t\t\t<h2 class=\"elementor-heading-title elementor-size-default\">\u041f\u0420\u041e\u0418\u0417\u0412\u041e\u0414\u0418<\/h2>\t\t<\/div>\n\t\t\t\t<\/div>\n\t\t\t\t\t<\/div>\n\t\t<\/div>\n\t\t\t\t\t\t\t<\/div>\n\t\t<\/section>\n\t\t\t\t\t<\/div>\n\t\t<\/div>\n\t\t\t\t\t\t\t<\/div>\n\t\t<\/section>\n\t\t<div class=\"elementor-element elementor-element-ee780e8 e-flex e-con-boxed e-con e-parent\" data-id=\"ee780e8\" data-element_type=\"container\" data-settings=\"{&quot;background_background&quot;:&quot;classic&quot;,&quot;content_width&quot;:&quot;boxed&quot;}\" data-core-v316-plus=\"true\">\n\t\t\t\t\t<div class=\"e-con-inner\">\n\t\t<div class=\"elementor-element elementor-element-8107b5d e-con-full e-flex e-con e-child\" data-id=\"8107b5d\" data-element_type=\"container\" data-settings=\"{&quot;content_width&quot;:&quot;full&quot;}\">\n\t\t\t\t<div class=\"elementor-element elementor-element-f6348f3 elementor-widget elementor-widget-image\" data-id=\"f6348f3\" data-element_type=\"widget\" data-widget_type=\"image.default\">\n\t\t\t\t<div class=\"elementor-widget-container\">\n\t\t\t\t\t\t\t\t\t\t\t\t\t\t\t<img decoding=\"async\" width=\"800\" height=\"405\" src=\"https:\/\/magnometal.com.mk\/index\/wp-content\/uploads\/2026\/02\/Antakya-Galvaniz.jpg\" class=\"attachment-large size-large wp-image-2706\" alt=\"\" srcset=\"https:\/\/magnometal.com.mk\/index\/wp-content\/uploads\/2026\/02\/Antakya-Galvaniz.jpg 800w, https:\/\/magnometal.com.mk\/index\/wp-content\/uploads\/2026\/02\/Antakya-Galvaniz-300x152.jpg 300w, https:\/\/magnometal.com.mk\/index\/wp-content\/uploads\/2026\/02\/Antakya-Galvaniz-768x389.jpg 768w\" sizes=\"(max-width: 800px) 100vw, 800px\" \/>\t\t\t\t\t\t\t\t\t\t\t\t\t\t\t<\/div>\n\t\t\t\t<\/div>\n\t\t\t\t<\/div>\n\t\t<div class=\"elementor-element elementor-element-d3b4b54 e-con-full e-flex e-con e-child\" data-id=\"d3b4b54\" data-element_type=\"container\" data-settings=\"{&quot;content_width&quot;:&quot;full&quot;}\">\n\t\t\t\t<div class=\"elementor-element elementor-element-20c02a0 elementor-widget elementor-widget-image\" data-id=\"20c02a0\" data-element_type=\"widget\" data-widget_type=\"image.default\">\n\t\t\t\t<div class=\"elementor-widget-container\">\n\t\t\t\t\t\t\t\t\t\t\t\t\t\t\t<img decoding=\"async\" width=\"800\" height=\"405\" src=\"https:\/\/magnometal.com.mk\/index\/wp-content\/uploads\/2026\/02\/antakya1.jpg\" class=\"attachment-large size-large wp-image-2708\" alt=\"\" srcset=\"https:\/\/magnometal.com.mk\/index\/wp-content\/uploads\/2026\/02\/antakya1.jpg 800w, https:\/\/magnometal.com.mk\/index\/wp-content\/uploads\/2026\/02\/antakya1-300x152.jpg 300w, https:\/\/magnometal.com.mk\/index\/wp-content\/uploads\/2026\/02\/antakya1-768x389.jpg 768w\" sizes=\"(max-width: 800px) 100vw, 800px\" \/>\t\t\t\t\t\t\t\t\t\t\t\t\t\t\t<\/div>\n\t\t\t\t<\/div>\n\t\t\t\t<\/div>\n\t\t\t\t\t<\/div>\n\t\t\t\t<\/div>\n\t\t<div class=\"elementor-element elementor-element-7ad54e5 e-flex e-con-boxed e-con e-parent\" data-id=\"7ad54e5\" data-element_type=\"container\" data-settings=\"{&quot;background_background&quot;:&quot;classic&quot;,&quot;content_width&quot;:&quot;boxed&quot;}\" data-core-v316-plus=\"true\">\n\t\t\t\t\t<div class=\"e-con-inner\">\n\t\t<div class=\"elementor-element elementor-element-8afd12d e-con-full e-flex e-con e-child\" data-id=\"8afd12d\" data-element_type=\"container\" data-settings=\"{&quot;content_width&quot;:&quot;full&quot;}\">\n\t\t\t\t<div class=\"elementor-element elementor-element-ea6ed26 elementor-widget elementor-widget-image\" data-id=\"ea6ed26\" data-element_type=\"widget\" data-widget_type=\"image.default\">\n\t\t\t\t<div class=\"elementor-widget-container\">\n\t\t\t\t\t\t\t\t\t\t\t\t\t\t\t<img loading=\"lazy\" decoding=\"async\" width=\"800\" height=\"405\" src=\"https:\/\/magnometal.com.mk\/index\/wp-content\/uploads\/2026\/02\/antakya2.webp\" class=\"attachment-large size-large wp-image-2719\" alt=\"\" srcset=\"https:\/\/magnometal.com.mk\/index\/wp-content\/uploads\/2026\/02\/antakya2.webp 800w, https:\/\/magnometal.com.mk\/index\/wp-content\/uploads\/2026\/02\/antakya2-300x152.webp 300w, https:\/\/magnometal.com.mk\/index\/wp-content\/uploads\/2026\/02\/antakya2-768x389.webp 768w\" sizes=\"(max-width: 800px) 100vw, 800px\" \/>\t\t\t\t\t\t\t\t\t\t\t\t\t\t\t<\/div>\n\t\t\t\t<\/div>\n\t\t\t\t<\/div>\n\t\t<div class=\"elementor-element elementor-element-9ab59ab e-con-full e-flex e-con e-child\" data-id=\"9ab59ab\" data-element_type=\"container\" data-settings=\"{&quot;content_width&quot;:&quot;full&quot;}\">\n\t\t\t\t<div class=\"elementor-element elementor-element-28ac6bf elementor-widget elementor-widget-image\" data-id=\"28ac6bf\" data-element_type=\"widget\" data-widget_type=\"image.default\">\n\t\t\t\t<div class=\"elementor-widget-container\">\n\t\t\t\t\t\t\t\t\t\t\t\t\t\t\t<img loading=\"lazy\" decoding=\"async\" width=\"800\" height=\"405\" src=\"https:\/\/magnometal.com.mk\/index\/wp-content\/uploads\/2026\/02\/antakya3.webp\" class=\"attachment-large size-large wp-image-2717\" alt=\"\" srcset=\"https:\/\/magnometal.com.mk\/index\/wp-content\/uploads\/2026\/02\/antakya3.webp 800w, https:\/\/magnometal.com.mk\/index\/wp-content\/uploads\/2026\/02\/antakya3-300x152.webp 300w, https:\/\/magnometal.com.mk\/index\/wp-content\/uploads\/2026\/02\/antakya3-768x389.webp 768w\" sizes=\"(max-width: 800px) 100vw, 800px\" \/>\t\t\t\t\t\t\t\t\t\t\t\t\t\t\t<\/div>\n\t\t\t\t<\/div>\n\t\t\t\t<\/div>\n\t\t\t\t\t<\/div>\n\t\t\t\t<\/div>\n\t\t<div class=\"elementor-element elementor-element-8a02f7f e-flex e-con-boxed e-con e-parent\" data-id=\"8a02f7f\" data-element_type=\"container\" data-settings=\"{&quot;content_width&quot;:&quot;boxed&quot;}\" data-core-v316-plus=\"true\">\n\t\t\t\t\t<div class=\"e-con-inner\">\n\t\t\t\t<div class=\"elementor-element elementor-element-bedaf0c elementor-widget elementor-widget-boosted-elements-templated\" data-id=\"bedaf0c\" data-element_type=\"widget\" data-widget_type=\"boosted-elements-templated.default\">\n\t\t\t\t<div class=\"elementor-widget-container\">\n\t\t\t\n\t<div class=\"boosted-elements-progression-template-container\">\n        \n\t\t\t<style>.elementor-1997 .elementor-element.elementor-element-1edce45{--display:flex;--flex-direction:column;--container-widget-width:100%;--container-widget-height:initial;--container-widget-flex-grow:0;--container-widget-align-self:initial;--background-transition:0.3s;}.elementor-1997 .elementor-element.elementor-element-c10df3b .elementor-widget-container{text-align:center;}.elementor-1997 .elementor-element.elementor-element-c10df3b .ha-creative-btn i{font-size:24px;}.elementor-1997 .elementor-element.elementor-element-c10df3b .ha-creative-btn, .elementor-1997 .elementor-element.elementor-element-c10df3b .ha-creative-btn.ha-eft--bloom div{border-style:none;}.elementor-1997 .elementor-element.elementor-element-c10df3b .ha-creative-btn-wrap .ha-creative-btn{--ha-ctv-btn-txt-clr:#FFFFFF;--ha-ctv-btn-bg-clr:#128BB7;--ha-ctv-btn-bg-hvr-clr:#10A0D5;--ha-ctv-btn-border-hvr-clr:#FFFFFF;}.elementor-1997 .elementor-element.elementor-element-c10df3b .ha-creative-btn{box-shadow:0px 0px 10px 0px rgba(0,0,0,0.5);}.elementor-1997 .elementor-element.elementor-element-c10df3b > .elementor-widget-container{margin:0px 0px -10px 0px;}.elementor-1997 .elementor-element.elementor-element-d2d91e5{--display:flex;--background-transition:0.3s;}<\/style>\t\t<div data-elementor-type=\"container\" data-elementor-id=\"1997\" class=\"elementor elementor-1997\">\n\t\t\t\t\t\t\t<div class=\"elementor-element elementor-element-1edce45 e-flex e-con-boxed e-con e-parent\" data-id=\"1edce45\" data-element_type=\"container\" data-settings=\"{&quot;content_width&quot;:&quot;boxed&quot;}\" data-core-v316-plus=\"true\">\n\t\t\t\t\t<div class=\"e-con-inner\">\n\t\t\t\t<div class=\"elementor-element elementor-element-c10df3b elementor-widget elementor-widget-ha-creative-button happy-addon ha-creative-button\" data-id=\"c10df3b\" data-element_type=\"widget\" data-widget_type=\"ha-creative-button.default\">\n\t\t\t\t<div class=\"elementor-widget-container\">\n\t\t\t\t\t<div data-magnetic=\"no\" class=\"ha-creative-btn-wrap\">\n\t\t\t<a class=\"ha-creative-btn ha-stl--symbolab ha-eft--back-in-right\" href=\"https:\/\/magnometal.com.mk\/index\/%d0%bf%d0%b0%d1%82%d0%bd%d0%b0-%d0%b8%d0%bd%d1%84%d1%80%d0%b0%d1%81%d1%82%d1%80%d1%83%d0%ba%d1%82%d1%83%d1%80%d0%b0\/\" rel=\"nofollow\">\u041d\u0430\u0437\u0430\u0434 <i aria-hidden=\"true\" class=\"fas fa-backspace\"><\/i><\/a>\n\t\t<\/div>\t\t<\/div>\n\t\t\t\t<\/div>\n\t\t\t\t\t<\/div>\n\t\t\t\t<\/div>\n\t\t<div class=\"elementor-element elementor-element-d2d91e5 e-flex e-con-boxed e-con e-parent\" data-id=\"d2d91e5\" data-element_type=\"container\" data-settings=\"{&quot;content_width&quot;:&quot;boxed&quot;}\" data-core-v316-plus=\"true\">\n\t\t\t\t\t<div class=\"e-con-inner\">\n\t\t\t\t\t<\/div>\n\t\t\t\t<\/div>\n\t\t\t\t\t\t\t<\/div>\n\t\t\t\t\t\n\t<\/div><!-- close .boosted-elements-progression-template-container -->\n\t\n\t\n\t\t\t<\/div>\n\t\t\t\t<\/div>\n\t\t\t\t\t<\/div>\n\t\t\t\t<\/div>\n\t\t\t\t\t\t\t<\/div>\n\t\t","protected":false},"excerpt":{"rendered":"<p>\u043d\u0410\u0428 \u041f\u0410\u0420\u0422\u041d\u0415\u0420 ANTAKYA GALVANIZ Antakya Galvaniz \u0435 \u043a\u043e\u043c\u043f\u0430\u043d\u0438\u0458\u0430 \u0441\u043e \u043f\u043e\u0432\u0435\u045c\u0435 \u043e\u0434 12 \u0433\u043e\u0434\u0438\u043d\u0438 \u0443\u0441\u043f\u0435\u0448\u043d\u043e \u0438\u0441\u043a\u0443\u0441\u0442\u0432\u043e \u0432\u043e \u0438\u043d\u0434\u0443\u0441\u0442\u0440\u0438\u0458\u0430\u0442\u0430, \u043f\u0440\u0435\u043f\u043e\u0437\u043d\u0430\u0435\u043d\u0430 \u043f\u043e \u0441\u0432\u043e\u0458\u0430\u0442\u0430 \u043f\u0440\u043e\u0444\u0435\u0441\u0438\u043e\u043d\u0430\u043b\u043d\u043e\u0441\u0442, \u043a\u043e\u043d\u0442\u0438\u043d\u0443\u0438\u0440\u0430\u043d \u043d\u0430\u043f\u0440\u0435\u0434\u043e\u043a \u0438 \u0432\u0438\u0441\u043e\u043a\u043e \u043d\u0438\u0432\u043e \u043d\u0430 \u043a\u043b\u0438\u0435\u043d\u0442\u0441\u043a\u0430 \u0441\u0430\u0442\u0438\u0441\u0444\u0430\u043a\u0446\u0438\u0458\u0430. \u041d\u0435\u0458\u0437\u0438\u043d\u0438\u0442\u0435 \u043a\u043e\u0440\u0435\u043d\u0438 \u043f\u043e\u0442\u0435\u043a\u043d\u0443\u0432\u0430\u0430\u0442 \u043e\u0434 \u00d6z \u0130\u015f Metal, \u043e\u0441\u043d\u043e\u0432\u0430\u043d\u0430 \u0432\u043e 1996 \u0433\u043e\u0434\u0438\u043d\u0430, \u043a\u043e\u0458\u0430 \u0432\u043e 2010 \u0433\u043e\u0434\u0438\u043d\u0430 \u0458\u0430 \u043f\u0440\u043e\u0448\u0438\u0440\u0443\u0432\u0430 \u0434\u0435\u0458\u043d\u043e\u0441\u0442\u0430 \u0438 \u0433\u043e \u0444\u043e\u0440\u043c\u0438\u0440\u0430 Antakya Galvaniz. \u041a\u043e\u043c\u043f\u0430\u043d\u0438\u0458\u0430\u0442\u0430 \u0440\u0430\u0441\u043f\u043e\u043b\u0430\u0433\u0430 \u0441\u043e [&hellip;]<\/p>\n","protected":false},"author":1,"featured_media":0,"parent":0,"menu_order":0,"comment_status":"closed","ping_status":"closed","template":"","meta":{"footnotes":""},"class_list":["post-2694","page","type-page","status-publish","hentry"],"lang":"mk","translations":{"mk":2694,"en":2728},"pll_sync_post":[],"_links":{"self":[{"href":"https:\/\/magnometal.com.mk\/index\/wp-json\/wp\/v2\/pages\/2694","targetHints":{"allow":["GET"]}}],"collection":[{"href":"https:\/\/magnometal.com.mk\/index\/wp-json\/wp\/v2\/pages"}],"about":[{"href":"https:\/\/magnometal.com.mk\/index\/wp-json\/wp\/v2\/types\/page"}],"author":[{"embeddable":true,"href":"https:\/\/magnometal.com.mk\/index\/wp-json\/wp\/v2\/users\/1"}],"replies":[{"embeddable":true,"href":"https:\/\/magnometal.com.mk\/index\/wp-json\/wp\/v2\/comments?post=2694"}],"version-history":[{"count":20,"href":"https:\/\/magnometal.com.mk\/index\/wp-json\/wp\/v2\/pages\/2694\/revisions"}],"predecessor-version":[{"id":2742,"href":"https:\/\/magnometal.com.mk\/index\/wp-json\/wp\/v2\/pages\/2694\/revisions\/2742"}],"wp:attachment":[{"href":"https:\/\/magnometal.com.mk\/index\/wp-json\/wp\/v2\/media?parent=2694"}],"curies":[{"name":"wp","href":"https:\/\/api.w.org\/{rel}","templated":true}]}}